{"id":291,"date":"2010-08-31T00:22:57","date_gmt":"2010-08-31T00:22:57","guid":{"rendered":"http:\/\/dev.futurelabs.de\/fearless\/?page_id=291"},"modified":"2010-09-26T18:33:32","modified_gmt":"2010-09-26T18:33:32","slug":"sonderregeln-dfm","status":"publish","type":"page","link":"http:\/\/www.fearless-part2.de\/?page_id=291","title":{"rendered":"Sonderregeln DFM"},"content":{"rendered":"<h2><strong><a href=\"http:\/\/www.excaliburminiaturen.de\/duZi\/wp-content\/uploads\/2010\/08\/Startbedingungen-12.-Deutsche-Fearlessmeisterschaft-.doc\">Startbedingungen<br \/>\n13. Deutsche Fearlessmeisterschaft<\/a><\/strong><\/h2>\n<p><strong>Was ist die Deutsche FEARLESS Meisterschaft ?<\/strong><br \/>\nWer leidenschaftlich FEARLESS spielt, hat sicher Lust sich mit anderen zu messen. Die Deutsche FEARLESS Meisterschaft gibt ihm die M\u00f6glichkeit, mit den besten FEARLESS-Spielern um den Titel &#8222;Deutscher Meister FEARLESS zu spielen. Verbunden damit sind auch die Preisgelder von 400\u20ac f\u00fcr den 1.Platz und 200\u20ac f\u00fcr den 2. Platz.<\/p>\n<p><strong>Wie kann man teilnehmen ?<\/strong><\/p>\n<p>Die 13. Deutsche FEARLESS Meisterschaft ist &#8222;OPEN&#8220;. Es ist also jeder Eingeladen, sich f\u00fcr die Meisterschaft anzumelden.<\/p>\n<p>Eine &#8222;Voranmeldung&#8220; via E-Mail oder per Post ist daher notwendig, da je nach Turniergr\u00f6\u00dfe evtl. Anpassungen an die Regeln vorgenommen werden m\u00fcssen.<\/p>\n<p>Als Ansprechpartner f\u00fcr die diesj\u00e4hrige Meisterschaft ist Torben, wie gewohnt, mit einer E-Mail an fearless-faq@web.de erreichbar.<\/p>\n<p><strong>Neue Regeln und alles weitere Wichtige<\/strong><\/p>\n<p>Hier k\u00f6nnt ihr euch die ge\u00e4nderten Regeln und\u00a0 Startbedingungen ansehen.\u00a0 Sie entsprechen dem Vorjahr bis auf eine zus\u00e4tzliche \u00c4nderung:<\/p>\n<p>Nach der ersten Runde k\u00f6nnen Charaktere mit maximal 350 KE\/Charakter getuned werden.<\/p>\n<p><a href=\"http:\/\/www.fearless-part2.de\/wp-content\/uploads\/2010\/09\/Startbedingungen-Deutsche-Fearlessmeisterschaft.pdf\"><strong>Startbedingungen 13. Deutsche Fearlessmeisterschaft<\/strong><\/a><\/p>\n<p><a href=\"http:\/\/www.fearless-part2.de\/wp-content\/uploads\/2010\/09\/Tunierregeln-13.-Deutsche-Fearless-Meisterschaft1.doc\"><strong>Tunierregeln 13. Deutsche Fearless-Meisterschaft<\/strong><\/a><\/p>\n<p><a href=\"http:\/\/www.fearless-part2.de\/wp-content\/uploads\/2010\/09\/Team-Document-13.-Deutsche-Fearless-Meisterschaft1.xls\"><strong>Team Document 13. Deutsche Fearless-Meisterschaft<\/strong><\/a><\/p>\n<p><a href=\"http:\/\/www.fearless-part2.de\/wp-content\/uploads\/2010\/09\/Regel-Erkl\u00e4rungen-und-Verbesserungen.doc\"><strong>Regel Erkl\u00e4rungen und Verbesserungen<\/strong><\/a><\/p>\n","protected":false},"excerpt":{"rendered":"<p>Startbedingungen 13. Deutsche Fearlessmeisterschaft Was ist die Deutsche FEARLESS Meisterschaft ? Wer leidenschaftlich FEARLESS spielt, hat sicher Lust sich mit anderen zu messen. Die Deutsche FEARLESS Meisterschaft gibt ihm die M\u00f6glichkeit, mit den besten FEARLESS-Spielern um den Titel &#8222;Deutscher Meister FEARLESS zu spielen. Verbunden damit sind auch die Preisgelder von 400\u20ac f\u00fcr den 1.Platz und [&hellip;]<\/p>\n","protected":false},"author":1,"featured_media":0,"parent":289,"menu_order":1,"comment_status":"open","ping_status":"open","template":"","meta":{"_links_to":"","_links_to_target":""},"_links":{"self":[{"href":"http:\/\/www.fearless-part2.de\/index.php?rest_route=\/wp\/v2\/pages\/291"}],"collection":[{"href":"http:\/\/www.fearless-part2.de\/index.php?rest_route=\/wp\/v2\/pages"}],"about":[{"href":"http:\/\/www.fearless-part2.de\/index.php?rest_route=\/wp\/v2\/types\/page"}],"author":[{"embeddable":true,"href":"http:\/\/www.fearless-part2.de\/index.php?rest_route=\/wp\/v2\/users\/1"}],"replies":[{"embeddable":true,"href":"http:\/\/www.fearless-part2.de\/index.php?rest_route=%2Fwp%2Fv2%2Fcomments&post=291"}],"version-history":[{"count":6,"href":"http:\/\/www.fearless-part2.de\/index.php?rest_route=\/wp\/v2\/pages\/291\/revisions"}],"predecessor-version":[{"id":404,"href":"http:\/\/www.fearless-part2.de\/index.php?rest_route=\/wp\/v2\/pages\/291\/revisions\/404"}],"up":[{"embeddable":true,"href":"http:\/\/www.fearless-part2.de\/index.php?rest_route=\/wp\/v2\/pages\/289"}],"wp:attachment":[{"href":"http:\/\/www.fearless-part2.de\/index.php?rest_route=%2Fwp%2Fv2%2Fmedia&parent=291"}],"curies":[{"name":"wp","href":"https:\/\/api.w.org\/{rel}","templated":true}]}}