{"id":293,"date":"2010-08-31T00:23:28","date_gmt":"2010-08-31T00:23:28","guid":{"rendered":"http:\/\/dev.futurelabs.de\/fearless\/?page_id=293"},"modified":"2010-09-01T10:41:21","modified_gmt":"2010-09-01T10:41:21","slug":"allgemeine-regel","status":"publish","type":"page","link":"http:\/\/www.fearless-part2.de\/?page_id=293","title":{"rendered":"Allgemeine Regel"},"content":{"rendered":"<p>Erg\u00e4nzungen \/ \u00c4nderungen<\/p>\n<h2>Notizen zum FEARLESS-Treffen am 07.08.2010<\/h2>\n<p>Die folgenden Punkte wurden von den teilnehmenden Spielern <span style=\"color: #ccffcc;\"><span style=\"text-decoration: underline;\"><strong>vorgeschlagen<\/strong><\/span><\/span>.<\/p>\n<p><strong>Ducken <\/strong>passt nicht ins Spiel. Es nimmt Geschwindigkeit. Meinung der Spieler: Ducken rausnehmen. Besonders im Wald sollte \u00bd Deckung durch Ducken (1\/2 Deckung) bei \u00bd Deckung bleiben. Vorschlag im Augenblick in dem die Figur in halbe Deckung kommt steht sie automatisch wieder auf.<\/p>\n<p><strong> <\/strong><\/p>\n<p><strong>Waldbrandregeln<\/strong> sollten erg\u00e4nzt werden durch das bewusste Anz\u00fcnden.<\/p>\n<p><strong> <\/strong><\/p>\n<p><strong>Reaktion auf interne Specials<\/strong> sollte nicht m\u00f6glich sein (wie bei Startspecials oder TAD).<\/p>\n<p><strong> <\/strong><\/p>\n<p><strong>Gr\u00f6\u00dfenabh\u00e4ngiges Schubsen<\/strong>????<\/p>\n<p><strong> <\/strong><\/p>\n<p><strong>Schubsen<\/strong> l\u00f6st auf jeden Fall den Nahkampf auf.<\/p>\n<p><strong> <\/strong><\/p>\n<p><strong>Genserum<\/strong> soll abgeschafft werden \u2013 Es ist nervig immer wieder zu bezahlen.<\/p>\n<p><strong> <\/strong><\/p>\n<p><strong>Stecknadel<\/strong> in die Mitte von Papier-Templates oder Folien-Templates mit Mittelpunkt.<\/p>\n<p><strong> <\/strong><\/p>\n<p><strong>Aktionen<\/strong> nach der Initiative \u2013 abwechselnd die Figuren spielen.<\/p>\n<p><strong> <\/strong><\/p>\n<p><strong>Blacklist und Whitelist<\/strong> f\u00fcr Turnieren k\u00f6nnte dazu f\u00fchren, dass mal andere Charaktere gespielt werden. Schiedsrichter entscheiden!<\/p>\n<p><strong> <\/strong><\/p>\n<p><strong>Teambedingte Boni<\/strong> z. B. Schwestern, Waltons usw. +1<\/p>\n<p><strong> <\/strong><\/p>\n<p><strong>Sichtlinie Wald<\/strong> soll wie eine Mauer sein. Es wird nicht gemessen wie in den Wald hinein.<\/p>\n<p><strong>Cheerleaderin<\/strong> bei DFM gibt 20 KE. 2. nimmt Einfluss auf die Einschaltquote.<\/p>\n<p><strong>Lathraxarax<\/strong> darf nur normale R\u00fcstung haben, die auch kaputt gehen kann.<\/p>\n<h3>Arbeitsplattform<\/h3>\n<p>Um <strong>Kommentare<\/strong> zu schreiben sollte man sich nicht registrieren m\u00fcssen. Der Moderator kann den Schrott l\u00f6schen und es sollte m\u00f6glich sein Beitr\u00e4ge zu melden.<\/p>\n<p><strong>Marker in Rot-Gelb-Gr\u00fcn<\/strong> sollten anzeigen wie weit die Figur fertig ist.<\/p>\n","protected":false},"excerpt":{"rendered":"<p>Erg\u00e4nzungen \/ \u00c4nderungen Notizen zum FEARLESS-Treffen am 07.08.2010 Die folgenden Punkte wurden von den teilnehmenden Spielern vorgeschlagen. Ducken passt nicht ins Spiel. Es nimmt Geschwindigkeit. Meinung der Spieler: Ducken rausnehmen. Besonders im Wald sollte \u00bd Deckung durch Ducken (1\/2 Deckung) bei \u00bd Deckung bleiben. Vorschlag im Augenblick in dem die Figur in halbe Deckung kommt [&hellip;]<\/p>\n","protected":false},"author":1,"featured_media":0,"parent":289,"menu_order":2,"comment_status":"open","ping_status":"open","template":"","meta":{"_links_to":"","_links_to_target":""},"_links":{"self":[{"href":"http:\/\/www.fearless-part2.de\/index.php?rest_route=\/wp\/v2\/pages\/293"}],"collection":[{"href":"http:\/\/www.fearless-part2.de\/index.php?rest_route=\/wp\/v2\/pages"}],"about":[{"href":"http:\/\/www.fearless-part2.de\/index.php?rest_route=\/wp\/v2\/types\/page"}],"author":[{"embeddable":true,"href":"http:\/\/www.fearless-part2.de\/index.php?rest_route=\/wp\/v2\/users\/1"}],"replies":[{"embeddable":true,"href":"http:\/\/www.fearless-part2.de\/index.php?rest_route=%2Fwp%2Fv2%2Fcomments&post=293"}],"version-history":[{"count":5,"href":"http:\/\/www.fearless-part2.de\/index.php?rest_route=\/wp\/v2\/pages\/293\/revisions"}],"predecessor-version":[{"id":306,"href":"http:\/\/www.fearless-part2.de\/index.php?rest_route=\/wp\/v2\/pages\/293\/revisions\/306"}],"up":[{"embeddable":true,"href":"http:\/\/www.fearless-part2.de\/index.php?rest_route=\/wp\/v2\/pages\/289"}],"wp:attachment":[{"href":"http:\/\/www.fearless-part2.de\/index.php?rest_route=%2Fwp%2Fv2%2Fmedia&parent=293"}],"curies":[{"name":"wp","href":"https:\/\/api.w.org\/{rel}","templated":true}]}}